e z(2).
11
Let b(v) = v**3 - 13*v**2 + 8*v + 156. Calculate b(11).
2
Let u(i) = 19*i + 28. Give u(-2).
-10
Let z(i) = -i**3 + 3*i**2 - 21*i + 42. Determine z(4).
-58
Let g(y) = -21*y - 21. What is g(0)?
-21
Let j(c) = 89*c + 83. Give j(3).
350
Let j(m) = -283*m - 1705. Calculate j(-6).
-7
Let q(s) = -552*s + 4411. Calculate q(8).
-5
Let o(u) = -u**2 - 119*u - 242. Determine o(-117).
-8
Let d(g) = -10*g**2 + 1127*g + 263. Give d(113).
-76
Let y(x) = 2*x**3 + 17*x**2 + 51*x + 12. Determine y(-4).
-48
Let b(g) = -3*g**2 - 7*g - 47. Determine b(-6).
-113
Let w(g) = 2*g**2 + 23*g + 12. Give w(-8).
-44
Let s(i) = -8*i**2 + 402*i + 7666. Give s(65).
-4
Let q(v) = -v**3 - 17*v**2 + 12*v - 13. Give q(-18).
95
Let q(n) = -n**2 + 59*n + 3956. Calculate q(99).
-4
Let n(h) = -262*h + 18354. Calculate n(70).
14
Let g(z) = -z**3 - 26*z**2 + 61*z - 749. What is g(-29)?
5
Let u(z) = 3*z**3 + 10*z**2 - 10*z - 32. Determine u(-3).
7
Let p(r) = -48*r**3 + 12531*r**2 - 784*r + 253. Calculate p(261).
-8
Let y(n) = -44*n - 1341. What is y(-17)?
-593
Let q(i) = i**3 - 7*i**2 - 6*i - 19. What is q(8)?
-3
Let f(i) = i**3 + 29*i**2 + 8*i - 558. What is f(-28)?
2
Let t(y) = -107*y**2 - 1500*y - 14. Give t(-14).
14
Let b(i) = 47*i**2 - i + 2. Calculate b(1).
48
Let l(x) = 9*x**2 + 1230*x + 1229. Determine l(-1).
8
Let c(y) = -y**2 + 23*y - 73. Calculate c(6).
29
Let z(w) = w**3 + w**2 + 26*w + 3. Give z(0).
3
Let g(r) = r**3 + 17*r**2 - 24*r - 54. Calculate g(-18).
54
Let m(i) = 2*i**3 + 18*i**2 + 42*i + 13. What is m(-4)?
5
Let k(c) = -60*c - 644. Calculate k(-11).
16
Let p(u) = 135*u + 823. What is p(-6)?
13
Let z(x) = -3*x + 262. Calculate z(31).
169
Let a(u) = 2*u**2 + 72*u - 162. Give a(-37).
-88
Let c(o) = -o**2 - 39*o - 97. Calculate c(-37).
-23
Let z(b) = 2*b**3 + 53*b**2 + 78*b + 78. Determine z(-25).
3
Let f(a) = 2*a**2 + 819*a + 10309. What is f(-13)?
0
Let s(j) = 100*j + 789. Give s(-8).
-11
Let y(a) = -a**3 - 7*a**2 + 70*a - 107. Determine y(-13).
-3
Let i(a) = 2*a**2 + 48*a + 88. Determine i(-22).
0
Let p(c) = -8*c - 64. Give p(-23).
120
Let b(q) = -q**2 + 918*q - 7280. Determine b(8).
0
Let a(u) = 3*u**3 + 35*u**2 + 13*u - 1. Give a(-11).
98
Let f(r) = -r**3 - r**2 + 4399*r - 17525. Determine f(4).
-9
Let i(b) = b**3 - 25*b**2 + 98*b + 726. Calculate i(16).
-10
Let u(y) = 929*y - 2942. Give u(3).
-155
Let a(u) = 2*u**3 + u**2 - 9. Determine a(3).
54
Let x(m) = 140*m + 464. Calculate x(-3).
44
Let j(w) = -24*w**2 + 690*w + 241. What is j(29)?
67
Let d(u) = -36*u**2 - 1651*u + 233. What is d(-46)?
3
Let t(q) = -q**3 + 18*q**2 - 75*q + 3. Calculate t(6).
-15
Let s(r) = -13*r + 91. Calculate s(7).
0
Let z(v) = -v**3 + 16*v**2 + 29*v - 189. Give z(17).
15
Let j(h) = -h**3 - 15*h**2 + 8*h + 1. Give j(-15).
-119
Let k(d) = -1807*d + 7178. Determine k(4).
-50
Let z(d) = 3*d**3 - 4*d**2 + 7*d - 49. Calculate z(5).
261
Let g(w) = -w**3 - 20*w**2 - 83*w - 1658. Give g(-20).
2
Let v(w) = -2*w**3 + 44*w**2 + 1305*w + 814. Give v(39).
-5
Let d(l) = 200*l + 1211. What is d(-6)?
11
Let k(a) = a**2 - 968*a - 40339. Give k(-40).
-19
Let u(v) = -277*v + 5. What is u(-1)?
282
Let n(k) = -66*k - 4031. What is n(-63)?
127
Let i(v) = 2*v**3 + 66*v**2 + v + 22. Determine i(-33).
-11
Let l(x) = 26*x**2 + 2*x - 19. Calculate l(-4).
389
Let y(h) = h**3 - 6*h**2 + 33*h - 48. Determine y(2).
2
Let i(b) = -2*b**2 - 159*b - 2860. Determine i(-52).
0
Let u(w) = w**3 + 21*w**2 - 42*w + 124. Determine u(-23).
32
Let d(o) = 52*o**2 - 70*o + 67. Give d(1).
49
Let f(k) = k**2 - 51*k + 181. What is f(49)?
83
Let m(f) = 36*f**3 - 20*f**2 - 16*f + 4. What is m(-1)?
-36
Let a(g) = 87*g - 2615. What is a(30)?
-5
Let j(y) = 5*y**3 + 45*y**2 - 44. What is j(-9)?
-44
Let n(w) = -9*w**2 - 1504*w - 50. Give n(-167).
117
Let i(t) = 85*t - 90. Calculate i(1).
-5
Let s(f) = f**2 - 761*f - 22893. Determine s(-29).
17
Let k(m) = m**3 + 17*m**2 + 47*m + 43. What is k(-14)?
-27
Let g(d) = 73*d + 10368. Determine g(-143).
-71
Let l(b) = -b**2 - 8*b + 1590. Calculate l(-44).
6
Let w(i) = -2*i**2 - 372*i + 12485. Determine w(-215).
15
Let r(i) = i**3 - 10*i**2 + 12*i + 4. Determine r(4).
-44
Let b(j) = 183*j + 3669. Give b(-20).
9
Let y(v) = 780*v - 14134. Determine y(18).
-94
Let m(q) = 9*q**2 - 1106*q - 71. What is m(123)?
52
Let c(h) = h**2 + 55*h - 966. What is c(14)?
0
Let h(c) = -c**2 + 56*c - 765. Determine h(25).
10
Let q(l) = 3*l**2 - 332*l - 450. Calculate q(112).
-2
Let c(o) = -2*o**2 - 20*o + 43. Calculate c(-13).
-35
Let f(u) = 394*u**3 + u**2. What is f(1)?
395
Let h(s) = -s**3 + 3*s**2 + 14*s - 15. What is h(5)?
5
Let x(r) = 317*r**3 + 9*r**2 + 4*r. Give x(-1).
-312
Let v(q) = 6*q**2 - 18*q - 18. Give v(-1).
6
Let j(l) = 2*l**2 + 3*l + 1. Determine j(-2).
3
Let t(l) = -39*l - 816. What is t(-21)?
3
Let a(h) = -10*h**2 - 3*h + 43. Determine a(5).
-222
Let k(u) = 18*u**2 + 158*u + 33. What is k(-8)?
-79
Let b(d) = 109*d + 1297. Determine b(-12).
-11
Let k(d) = -d**3 + 3*d**2 - 20*d + 57. Determine k(8).
-423
Let o(a) = a**3 - 4*a**2 - 25*a - 8. Give o(7).
-36
Let r(d) = -126*d + 133. Calculate r(1).
7
Let w(x) = 17*x**3 - 9*x**2 + 63*x + 70. What is w(-1)?
-19
Let d(j) = j**2 + 5*j - 27. What is d(-10)?
23
Let x(i) = i**3 - 38*i**2 - 64*i - 636. What is x(40)?
4
Let l(k) = -3*k**3 - 8*k**2 + 194*k + 408. Calculate l(-2).
12
Let o(r) = 1301*r**2 - 6502*r - 5. What is o(5)?
10
Let g(s) = s**3 + 8*s**2 + 16*s + 47. Determine g(-7).
-16
Let n(t) = -3*t**2 - 281*t - 6408. Calculate n(-39).
-12
Let v(w) = -973*w - 18485. Calculate v(-19).
2
Let u(t) = -275*t + 289. Give u(1).
14
Let r(n) = -1214*n + 31565. Calculate r(26).
1
Let l(m) = -m**2 - 182*m + 2317. Calculate l(12).
-11
Let m(z) = z**3 + 28*z**2 + 5*z + 95. What is m(-28)?
-45
Let m(s) = -2*s**2 + 64*s - 513. Determine m(17).
-3
Let b(p) = 66*p - 570. Give b(11).
156
Let y(f) = -f**2 - 52*f - 321. Determine y(-6).
-45
Let f(u) = u**2 + 20*u - 110. What is f(4)?
-14
Let z(y) = -4*y**2 - 286*y - 287. Calculate z(-1).
-5
Let j(y) = y**3 - 6*y**2 + 8*y + 29. Give j(0).
29
Let v(i) = -i**3 + 28*i**2 + 67*i + 71. What is v(30)?
281
Let m(o) = -o**3 - 2*o**2 + 11*o + 25. Give m(-3).
1
Let i(j) = -168*j + 27845. Give i(166).
-43
Let y(d) = 2*d**3 - 31*d**2 + 14*d + 173. Calculate y(14).
-219
Let u(s) = 2*s**2 - 28*s + 78. What is u(14)?
78
Let m(g) = 141*g - 208. Calculate m(2).
74
Let k(g) = -g**3 - 10*g**2 + 28*g + 45. Give k(-12).
-3
Let c(w) = 135*w - 841. Give c(6).
-31
Let x(p) = 2*p**3 + 47*p**2 + 37*p + 278. Give x(-23).
-44
Let q(w) = -w**2 + 430*w - 3360. Calculate q(8).
16
Let m(p) = p**3 - 15*p**2 - 15*p + 245. What is m(6)?
-169
Let y(k) = -13*k**2 - 55*k - 53. Calculate y(-1).
-11
Let u(g) = -3*g**2 + 6*g + 291. Give u(-9).
-6
Let q(n) = 9*n**2 + 47*n - 102. Give q(-7).
10
Let g(f) = 3*f**3 - 3*f**2 - 11*f + 62. What is g(5)?
307
Let n(l) = l**2 - 30*l - 10. Calculate n(31).
21
Let r(q) = 215*q + 5584. Determine r(-26).
-6
Let n(t) = 3*t**2 - 225*t + 854. Give n(71).
2
Let h(l) = -l**3 - 23*l**2 - 116*l - 249. Give h(-17).
-11
Let a(f) = 9*f + 4. Give a(33).
301
Let j(f) = -4*f**3 + 21*f**2 - 22*f + 14. Calculate j(4).
6
Let m(y) = -253*y - 10. Calculate m(-2).
496
Let y(d) = -2*d**2 - 103*d - 213. What is y(-49)?
32
Let z(j) = 10*j**2 - 26*j + 91. Calculate z(0).
91
Let t(q) = q**3 + 46*q**2 - 4*q - 246. Calculate t(-46).
-62
Let w(g) = -1471*g + 10303. Determine w(7).
6
Let c(s) = 71*s**3 - 1845*s**2 - 24*s - 8. Calculate c(26).
44
Let c(n) = 7*n**2 + 594*n + 564. Calculate c(-84).
60
Let c(o) = o**3 + 42*o**2 + 43*o + 83. What is c(-41)?
1
Let g(v) = v**3 - 7*v**2 + 10*v + 69. Determine g(9).
321
Let g(h) = h**3 + 21*h**2 + 32*h - 120. Determine g(-19).
-6
Let j(q) = -1586*q - 12673. Give j(-8).
15
Let q(r) = 4*r**2 + 21*r + 21. Calculate q(-1).
4
Let h(g) = -g**2 - 10*g + 200. What is h(-21)?
-31
Let m(l) = 4*l**2 - 303*l + 218. Determine m(75).
-7
Let k(o) = -2*o**3 + 115*o**2 - 54*o - 128. Give k(57).
43
Let q(k) = -255*k - 69. Give q(-1).
186
Let c(z) = 2*z**2 - 16*z - 116. Calculate c(16).
140
Let g(h) = -5*h**2 - 8*h + 7. Determine g(-2).
3
Let z(j) = 457*j - 1230. Give z(3).
141
Let f(b) = b**2 + 155*b + 1307. Determine f(-9).
-7
Let j(c) = -608*c - 37687. What is j(-62)?
9
Let o(c) = 80*c**2 - 216*c - 8. What is o(2)?
-120
Let